tors of 1084?
2, 271
What are the prime factors of 929?
929
What are the prime factors of 31039?
31039
What are the prime factors of 119524?
2, 29881
What are the prime factors of 26654?
2, 13327
What are the prime factors of 1943?
29, 67
List the prime factors of 49629.
3, 71, 233
List the prime factors of 4615.
5, 13, 71
What are the prime factors of 20830?
2, 5, 2083
List the prime factors of 1445.
5, 17
List the prime factors of 13265.
5, 7, 379
List the prime factors of 85469.
85469
List the prime factors of 1546.
2, 773
What are the prime factors of 9932?
2, 13, 191
What are the prime factors of 1005?
3, 5, 67
List the prime factors of 11131.
11131
List the prime factors of 48058.
2, 24029
List the prime factors of 48678.
2, 3, 7, 19, 61
What are the prime factors of 89280?
2, 3, 5, 31
What are the prime factors of 6481?
6481
What are the prime factors of 23563?
23563
List the prime factors of 73918.
2, 13, 2843
What are the prime factors of 59600?
2, 5, 149
What are the prime factors of 2442?
2, 3, 11, 37
What are the prime factors of 58975?
5, 7, 337
List the prime factors of 11775.
3, 5, 157
What are the prime factors of 2040?
2, 3, 5, 17
What are the prime factors of 27800?
2, 5, 139
What are the prime factors of 22729?
7, 17, 191
What are the prime factors of 11903?
11903
List the prime factors of 563.
563
What are the prime factors of 417?
3, 139
What are the prime factors of 60256?
2, 7, 269
List the prime factors of 23211.
3, 2579
List the prime factors of 416.
2, 13
List the prime factors of 16845.
3, 5, 1123
What are the prime factors of 60071?
11, 43, 127
What are the prime factors of 4583?
4583
List the prime factors of 709.
709
List the prime factors of 80391.
3, 127, 211
List the prime factors of 60909.
3, 79, 257
What are the prime factors of 1563?
3, 521
List the prime factors of 4940.
2, 5, 13, 19
List the prime factors of 5658.
2, 3, 23, 41
List the prime factors of 98770.
2, 5, 7, 17, 83
List the prime factors of 11526.
2, 3, 17, 113
List the prime factors of 1973.
1973
List the prime factors of 1467.
3, 163
List the prime factors of 1438.
2, 719
What are the prime factors of 240?
2, 3, 5
List the prime factors of 32.
2
List the prime factors of 53432.
2, 6679
What are the prime factors of 179595?
3, 5, 13, 307
What are the prime factors of 4119?
3, 1373
What are the prime factors of 2335?
5, 467
List the prime factors of 773.
773
What are the prime factors of 18010?
2, 5, 1801
What are the prime factors of 921?
3, 307
List the prime factors of 46282.
2, 73, 317
List the prime factors of 5973.
3, 11, 181
What are the prime factors of 244?
2, 61
List the prime factors of 1368.
2, 3, 19
What are the prime factors of 14480?
2, 5, 181
List the prime factors of 3163.
3163
List the prime factors of 16413.
3, 5471
List the prime factors of 1736.
2, 7, 31
List the prime factors of 9265.
5, 17, 109
List the prime factors of 62597.
62597
What are the prime factors of 2537?
43, 59
List the prime factors of 1334.
2, 23, 29
List the prime factors of 1592.
2, 199
List the prime factors of 1176.
2, 3, 7
List the prime factors of 14621.
14621
List the prime factors of 76053.
3, 101, 251
What are the prime factors of 12014?
2, 6007
List the prime factors of 2559.
3, 853
What are the prime factors of 2574?
2, 3, 11, 13
List the prime factors of 11918.
2, 59, 101
What are the prime factors of 27791?
27791
What are the prime factors of 1154?
2, 577
List the prime factors of 44105.
5, 8821
What are the prime factors of 555?
3, 5, 37
List the prime factors of 2224.
2, 139
What are the prime factors of 27?
3
What are the prime factors of 30979?
13, 2383
What are the prime factors of 25991?
7, 47, 79
List the prime factors of 420.
2, 3, 5, 7
What are the prime factors of 20423?
13, 1571
What are the prime factors of 1089?
3, 11
List the prime factors of 538.
2, 269
List the prime factors of 6166.
2, 3083
What are the prime factors of 5726?
2, 7, 409
What are the prime factors of 34212?
2, 3, 2851
List the prime factors of 10714.
2, 11, 487
List the prime factors of 33247.
33247
List the prime factors of 46431.
3, 7, 11, 67
List the prime factors of 4029.
3, 17, 79
What are the prime factors of 72141?
3, 139, 173
List the prime factors of 46579.
13, 3583
List the prime factors of 3186.
2, 3, 59
List the prime factors of 18818.
2, 97
What are the prime factors of 3025?
5, 11
What are the prime factors of 7452?
2, 3, 23
What are the prime factors of 1240?
2, 5, 31
List the prime factors of 4187.
53, 79
What are the prime factors of 378?
2, 3, 7
What are the prime factors of 43097?
71, 607
What are the prime factors of 266?
2, 7, 19
List the prime factors of 58032.
2, 3, 13, 31
What are the prime factors of 12547?
12547
What are the prime factors of 38120?
2, 5, 953
What are the prime factors of 1071?
3, 7, 17
List the prime factors of 6140.
2, 5, 307
What are the prime factors of 26712?
2, 3, 7, 53
List the prime factors of 84.
2, 3, 7
What are the prime factors of 1369?
37
List the prime factors of 2644.
2, 661
List the prime factors of 1740.
2, 3, 5, 29
List the prime factors of 1101.
3, 367
List the prime factors of 2840.
2, 5, 71
What are the prime factors of 1443?
3, 13, 37
List the prime factors of 16269.
3, 11, 17, 29
List the prime factors of 73308.
2, 3, 41, 149
What are the prime factors of 2639?
7, 13, 29
List the prime factors of 17493.
3, 7, 17
List the prime factors of 1421.
7, 29
List the prime factors of 12110.
2, 5, 7, 173
What are the prime factors of 1462?
2, 17, 43
What are the prime factors of 2514?
2, 3, 419
What are the prime factors of 1560?
2, 3, 5, 13
List the prime factors of 65525.
5, 2621
List the prime factors of 17135.
5, 23, 149
What are the prime factors of 15979?
19, 29
List the prime factors of 2127.
3, 709
What are the prime factors of 2072?
2, 7, 37
List the prime factors of 113.
113
List the prime factors of 112573.
112573
What are the prime factors of 186?
2, 3, 31
List the prime factors of 3075.
3, 5, 41
List the prime factors of 1418.
2, 709
List the prime factors of 1530.
2, 3, 5, 17
List the prime factors of 1272.
2, 3, 53
What are the prime factors of 9277?
9277
What are the prime factors of 87977?
87977
What are the prime factors of 228?
2, 3, 19
What are the prime factors of 7558?
2, 3779
List the prime factors of 56.
2, 7
What are the prime factors of 39959?
31, 1289
What are the prime factors of 60773?
60773
What are the prime factors of 4279?
11, 389
What are the prime factors of 32087?
11, 2917
What are the prime factors of 2059?
29, 71
What are the prime factors of 159?
3, 53
What are the prime factors of 38157?
3, 7, 23, 79
What are the prime factors of 17384?
2, 41, 53
What are the prime factors of 2326?
2, 1163
What are the prime factors of 1782?
2, 3, 11
What are the prime factors of 6224?
2, 389
What are the prime factors of 7546?
2, 7, 11
What are the prime factors of 2777?
2777
What are the prime factors of 1106?
2, 7, 79
List the prime factors of 23700.
2, 3, 5, 79
List the prime factors of 1830.
2, 3, 5, 61
List the prime factors of 65357.
65357
List the prime factors of 529.
23
What are the prime factors of 21783?
3, 53, 137
List the prime factors of 33247.
33247
List the prime factors of 1026.
2, 3, 19
List the prime factors of 2031.
3, 677
What are the prime factors of 28787?
11, 2617
List the prime factors of 29453.
29453
List the prime factors of 8938.
2, 41, 109
What are the prime factors of 12683?
11, 1153
What are the prime factors of 11178?
2, 3, 23
List the prime factors of 35794.
2, 11, 1627
List the prime factors of 19345.
5, 53, 73
List the prime factors of 62283.
3, 13, 1597
What are the prime factors of 30367?
30367
List the prime factors of 2102.
2, 1051
What are the prime factors of 10268?
2, 17, 151
What are the prime factors of 45927?
3, 7
What are the prime factors of 1846?
2, 13, 71
What are the prime factors of 1036?
2, 7, 37
What are the prime factors of 3820?
2, 5, 191
What are the prime factors of 45250?
2, 5, 181
What are the prime factors of 13796?
2, 3449
What are the prime factors of 4056?
2, 3, 13
What are the prime factors of 86780?
2, 5, 4339
What are the prime factors of 1519?
7, 31
List the prime factors of 18077.
18077
What are the prime factors o